thousands digit of 27998?
2
What is the hundreds digit of 12735?
7
What is the hundreds digit of 1321?
3
What is the thousands digit of 9382?
9
What is the tens digit of 1322?
2
What is the hundreds digit of 2891?
8
What is the thousands digit of 49887?
9
What is the thousands digit of 6115?
6
What is the units digit of 8822?
2
What is the units digit of 5102?
2
What is the units digit of 4020?
0
What is the thousands digit of 33963?
3
What is the units digit of 5407?
7
What is the units digit of 1037?
7
What is the ten thousands digit of 31561?
3
What is the units digit of 2491?
1
What is the tens digit of 13861?
6
What is the tens digit of 2671?
7
What is the thousands digit of 39678?
9
What is the tens digit of 6173?
7
What is the tens digit of 28672?
7
What is the tens digit of 2980?
8
What is the hundreds digit of 24971?
9
What is the hundreds digit of 5892?
8
What is the hundreds digit of 21858?
8
What is the tens digit of 546?
4
What is the tens digit of 3797?
9
What is the units digit of 8488?
8
What is the hundreds digit of 11910?
9
What is the hundreds digit of 40628?
6
What is the hundreds digit of 20052?
0
What is the units digit of 101455?
5
What is the units digit of 11693?
3
What is the tens digit of 4820?
2
What is the tens digit of 57?
5
What is the thousands digit of 19311?
9
What is the units digit of 8892?
2
What is the tens digit of 337?
3
What is the hundreds digit of 872?
8
What is the thousands digit of 7147?
7
What is the tens digit of 10546?
4
What is the units digit of 21394?
4
What is the thousands digit of 100202?
0
What is the units digit of 215?
5
What is the units digit of 5745?
5
What is the units digit of 64371?
1
What is the units digit of 2403?
3
What is the hundreds digit of 3729?
7
What is the hundreds digit of 466?
4
What is the units digit of 1222?
2
What is the tens digit of 99333?
3
What is the hundreds digit of 41143?
1
What is the thousands digit of 1627?
1
What is the hundreds digit of 3826?
8
What is the units digit of 109?
9
What is the hundreds digit of 147?
1
What is the tens digit of 1746?
4
What is the hundreds digit of 345?
3
What is the units digit of 6688?
8
What is the tens digit of 8589?
8
What is the thousands digit of 54118?
4
What is the units digit of 19252?
2
What is the units digit of 4201?
1
What is the thousands digit of 65606?
5
What is the thousands digit of 6647?
6
What is the hundreds digit of 526?
5
What is the hundreds digit of 60954?
9
What is the units digit of 96534?
4
What is the units digit of 15734?
4
What is the tens digit of 2065?
6
What is the units digit of 2970?
0
What is the thousands digit of 3187?
3
What is the ten thousands digit of 134556?
3
What is the ten thousands digit of 40816?
4
What is the tens digit of 27535?
3
What is the thousands digit of 1319?
1
What is the tens digit of 34789?
8
What is the thousands digit of 4577?
4
What is the tens digit of 2074?
7
What is the tens digit of 3528?
2
What is the tens digit of 466?
6
What is the tens digit of 3360?
6
What is the hundreds digit of 1679?
6
What is the hundreds digit of 1455?
4
What is the thousands digit of 2768?
2
What is the thousands digit of 35394?
5
What is the tens digit of 828?
2
What is the units digit of 11800?
0
What is the hundreds digit of 1723?
7
What is the tens digit of 324?
2
What is the tens digit of 103?
0
What is the hundreds digit of 763?
7
What is the tens digit of 77662?
6
What is the hundreds digit of 2209?
2
What is the thousands digit of 2409?
2
What is the hundreds digit of 808?
8
What is the thousands digit of 3106?
3
What is the hundreds digit of 9472?
4
What is the hundreds digit of 7020?
0
What is the hundreds digit of 18744?
7
What is the ten thousands digit of 12496?
1
What is the thousands digit of 7451?
7
What is the ten thousands digit of 91163?
9
What is the hundreds digit of 5682?
6
What is the thousands digit of 3358?
3
What is the units digit of 3605?
5
What is the tens digit of 20384?
8
What is the thousands digit of 6898?
6
What is the hundreds digit of 4392?
3
What is the hundreds digit of 8758?
7
What is the hundreds digit of 1926?
9
What is the thousands digit of 2385?
2
What is the thousands digit of 5851?
5
What is the hundreds digit of 1917?
9
What is the thousands digit of 1601?
1
What is the tens digit of 3889?
8
What is the units digit of 13659?
9
What is the units digit of 11663?
3
What is the units digit of 420?
0
What is the hundreds digit of 14531?
5
What is the hundreds digit of 157062?
0
What is the tens digit of 56?
5
What is the units digit of 73?
3
What is the units digit of 41?
1
What is the units digit of 8755?
5
What is the tens digit of 734?
3
What is the units digit of 452?
2
What is the hundreds digit of 2357?
3
What is the hundreds digit of 2212?
2
What is the thousands digit of 2945?
2
What is the thousands digit of 36488?
6
What is the thousands digit of 10035?
0
What is the tens digit of 23880?
8
What is the tens digit of 1474?
7
What is the tens digit of 32030?
3
What is the units digit of 6659?
9
What is the units digit of 440?
0
What is the hundreds digit of 1333?
3
What is the hundreds digit of 317?
3
What is the thousands digit of 1120?
1
What is the ten thousands digit of 136661?
3
What is the thousands digit of 153858?
3
What is the hundreds digit of 885?
8
What is the ten thousands digit of 16799?
1
What is the ten thousands digit of 74321?
7
What is the units digit of 12795?
5
What is the units digit of 49581?
1
What is the units digit of 3275?
5
What is the units digit of 146357?
7
What is the tens digit of 26484?
8
What is the hundreds digit of 1362?
3
What is the thousands digit of 5326?
5
What is the tens digit of 24140?
4
What is the tens digit of 558?
5
What is the hundred thousands digit of 148440?
1
What is the hundreds digit of 750?
7
What is the thousands digit of 1978?
1
What is the tens digit of 906?
0
What is the hundreds digit of 614?
6
What is the units digit of 96227?
7
What is the hundreds digit of 2963?
9
What is the thousands digit of 2633?
2
What is the hundreds digit of 451?
4
What is the tens digit of 8890?
9
What is the units digit of 6911?
1
What is the tens digit of 242?
4
What is the tens digit of 2490?
9
What is the tens digit of 3141?
4
What is the thousands digit of 16182?
6
What is the thousands digit of 28811?
8
What is the thousands digit of 2143?
2
What is the units digit of 18435?
5
What is the thousands digit of 1155?
1
What is the thousands digit of 37610?
7
What is the thousands digit of 137131?
7
What is the tens digit of 123186?
8
What is the tens digit of 13199?
9
What is the hundreds digit of 13455?
4
What is the units digit of 166852?
2
What is the hundreds digit of 3518?
5
What is the ten thousands digit of 93921?
9
What is the hundreds digit of 26788?
7
What is the hundreds digit of 1855?
8
What is the units digit of 4819?
9
What is the tens digit of 6533?
3
What is the units digit of 2162?
2
What is the ten thousands digit of 21987?
2
What is the units digit of 725?
5
What is the tens digit of 33990?
9
What is the hundreds digit of 1072?
0
What is the units digit of 115594?
4
What is the tens digit of 2247?
4
What is the hundreds digit of 11333?
3
What is the ten thousands digit of 103761?
0
What is the units digit of 4622?
2
What is the hundreds digit of 883?
8
What is the thousands digit of 1067?
1
What is the hundred thousands digit of 185680?
1
What is the units digit of 314?
4
What is the ten thousands digit of 18281?
1
What is the tens digit of 813?
1
What is the thousands digit of 27576?
7
What is the thousands digit of 21160?
1
What is the units digit of 5470?
0
What is the tens digit of 1159?
5
What is the thousands digit of 9008?
9
What is the hundreds digit of 205393?
3
What is the thousands digit of 74450?
4
What is the tens digit of 1043?
4
What is the hundreds digit of 2955?
9
What is the hundreds digit of 10456?
4
What is the units digit of 60706?
6
What is the ten thousands digit of 71357?
7
What is the units digit of 1905?
5
What is the ten thousands digit of 25786?
2
What is the tens digit of 6671?
7
What is the tens digit of 879?
7
What is the ten thousands digit of 78599?
7
What is the ten thousands digit of 14376?
1
What is the tens digit of 21468?
6
Wh